f = -2*o - 21, 7*o + v*f + 5 = 2*o. Let l = o - -1. Let z(j) = j**3 - 2*j**2 - 4*j + 1. Determine z(l).
-2
Let i(x) = x**3 - 3*x - 3. Let k(v) = v - 4*v - v + 3*v + 3. Let p be k(5). Give i(p).
-5
Let d(o) = -o**2 + 7*o + 1. Let c be 0/(1*-1) + -14 + 20. Give d(c).
7
Let g = -6 - -1. Let m(i) be the third derivative of -i**6/120 - i**5/10 - 5*i**4/24 + i**3/2 + 2*i**2. Give m(g).
3
Let z(f) = f**2 - 2. Let x(u) = 2*u - 6. Let k be x(5). Let h = k - 4. Suppose 3*t + 0*t - 9 = h. Give z(t).
7
Suppose -4*s + 4 = -2*s. Let i = -2 + s. Let j(r) = -383*r**2 + 764*r**2 + r**3 - 382*r**2 + r + 3. What is j(i)?
3
Let c(j) be the third derivative of j**5/60 - 5*j**4/24 + j**3/2 - j**2. Calculate c(4).
-1
Let k(z) = -6*z + 4*z**2 + 3*z**3 + 0*z**3 - 2*z**3 - 2. Let r(q) = q**3 + 4*q**2 - 6*q - 3. Let m(f) = -4*k(f) + 3*r(f). Calculate m(-5).
-6
Let w(v) = -3*v - 4. Let z(c) = -c**2 - 6*c - 4. Let a be z(-6). Determine w(a).
8
Let a(m) = m**3 + 3*m**2 - 4*m - 3. Suppose v - 40 = -4*j, 0 = -4*v + 3*j - 6 + 90. Let r be (-1)/(-4) - 102/v. Determine a(r).
-3
Let y = 6 - 3. Let t(g) = y*g**2 + 2*g - g + g**3 - 4*g. What is t(-3)?
9
Let b(x) be the first derivative of x**3/3 - 9*x**2/2 + 7*x - 16. Calculate b(7).
-7
Let y(c) = -c**2 + 7*c + 5*c - 4*c - 3 - 2*c. Suppose -3*o = 2*z - 7*o + 4, 0 = -3*z - 4*o + 24. What is y(z)?
5
Let a(y) be the third derivative of -y**8/6720 + y**7/1260 + y**6/360 + y**5/60 + y**4/8 - 10*y**2. Let c(v) be the second derivative of a(v). Determine c(3).
-1
Suppose 3*p = 5*p. Let k(l) = l**2 + l - 12. What is k(p)?
-12
Suppose 0*c + c = 0. Let d(p) = c + 5*p**3 + 4*p - 2 - 4*p**2 - p**3 - 2*p**3. What is d(2)?
6
Let h(a) = -a**3 - 3*a**2 - 2*a - 3. Suppose 2*u - 13 = 4*y + 53, -33 = -u + 5*y. Suppose u - 13 = 5*s. Let c = s + -6. What is h(c)?
-3
Let y(p) = -5*p + 1. Let s(w) = w**3 + 5*w**2 + 3*w - 1. Let h be s(-3). Suppose 4*g = -4*l + h, -3*g - 5*l = -0*g - 12. Give y(g).
6
Suppose b - 25 = 6*b. Let j(o) = o**2 + 6*o + 1. Give j(b).
-4
Suppose -6*j - 2*k = -3*j + 9, -3*j + 6 = -3*k. Let c(r) = -13*r**2 - 1. What is c(j)?
-14
Let n(w) = 6*w**2 - 7*w + 8. Let y(a) = -a**2. Let q(i) = -n(i) - 5*y(i). Suppose -3*f = 5*l - 43, -l = 2*f - 5*l + 8. Give q(f).
-2
Let n(x) be the third derivative of -1/4*x**4 - 2*x**2 - 1/3*x**3 + 0 + 0*x - 1/60*x**5. Give n(-5).
3
Suppose 24 = 12*d - 6*d. Let q(u) = u**2 - 4*u + 4. Calculate q(d).
4
Suppose 30*x - 9 = 39*x. Let a(t) = -7*t. Determine a(x).
7
Let g(j) = -3*j + 2. Let p(d) = 8*d - 5. Let u(o) = 11*g(o) + 4*p(o). Suppose -i + 2*i + 5 = 0, -4*y + 2 = 2*i. Give u(y).
-1
Let f(m) = 10*m + 8. Let x(y) = y + 1. Let h(c) = 2*f(c) - 18*x(c). Let s(z) = z. Let a be s(4). What is h(a)?
6
Let k(l) = -l**3 + 4*l**2 + 5*l + 1. Let x be (7 + -3)*(-5)/(-4). Let z be k(x). Let c(a) = -3*a. Calculate c(z).
-3
Let m(k) be the first derivative of -k**4/4 + k**3 + 5*k**2/2 - k - 5. What is m(4)?
3
Let l = -19 - -19. Suppose -2*z + 3*u - 3 = 0, 2*z = 2*u - 7*u + 5. Let h(m) = 0*m**3 - m**3 + 5 + z*m**2 + m**2. Give h(l).
5
Let s(u) be the third derivative of -u**5/60 - u**4/6 + 4*u**3/3 + 4*u**2. Let w be -8*((-4)/16 - -1). What is s(w)?
-4
Let k(d) = d**3. Let t(m) = -m**3 - 3*m**2 + 2*m + 3. Let v be t(-4). Let c = -12 + v. Determine k(c).
-1
Let j(k) = 6*k**3 + 13*k**2 - 2*k - 2. Let y(l) = 5*l**3 + 11*l**2 - l - 1. Let t(n) = 4*j(n) - 5*y(n). Determine t(-2).
-1
Let x(z) = -2*z - 3*z - 21 + 26. Calculate x(4).
-15
Let j(n) = 5*n + 1. Let w be 6/5*90/54. What is j(w)?
11
Let o(v) = v**2 + 2*v + 3. Suppose -2*c = -4, 5 = -3*f + 4*f + c. Give o(f).
18
Let w be 8/28 - (-313)/7. Let g be ((-2)/(-6))/(5/w). Suppose -3*k = -2*k + g*z - 6, 4*k = 3*z + 9. Let d(o) = -o - 2. Give d(k).
-5
Let u(k) = k**2 - 2*k - 5. Let b be u(4). Let t(w) = -w + 3. Let v(i) be the second derivative of i**2 - 2*i. Let l(g) = -3*t(g) + 5*v(g). What is l(b)?
10
Suppose 2*c = c + 6. Suppose -4*l + 7*l = c. Let u(g) = -3 - 4*g**2 + 2*g**l - 4*g + 3*g**2. Calculate u(5).
2
Let i(m) = 5*m - 4 + 6*m**2 - 4*m**2 + 6. Let z be i(-3). Let l(v) = -v - 3. Let b(g) = 1. Let c(r) = -b(r) - l(r). Determine c(z).
7
Let q(a) = 1 - 1 + 6*a**2. Let l be q(1). Let k(i) = 14*i - 14. Let j(r) = -5*r + 5. Let y(x) = -17*j(x) - 6*k(x). Calculate y(l).
5
Suppose -5*u + d - 2 = 0, -2*u = 2*u + 4*d - 8. Suppose 0 = -4*i + 3*i + 3. Suppose u*l = i*l. Let b(r) = r**2 - r + 2. Calculate b(l).
2
Let h = -24 - -19. Let q(y) = -y. Calculate q(h).
5
Let j(l) = l**2 + 2*l**2 - 15 + l + 0*l**2 - 4*l**2. Determine j(0).
-15
Let d(f) = f**3 + 7*f**2 + 6*f - 5. Let l = -13 - -9. Let x(w) = w**3 + 8*w**2 + 7*w - 6. Let v(h) = l*d(h) + 3*x(h). Determine v(-3).
2
Let x be ((-8)/16)/(1/(-10)). Let u(w) = -2*w + 2*w**2 + 8*w - 3*w**2. Determine u(x).
5
Let a be (0 - -1)/((-1)/3). Let n(z) = 3 - 12*z + 19*z - 4*z. Give n(a).
-6
Suppose -2*h - 2 = -12. Let a(q) be the first derivative of -q**4/4 + 4*q**3/3 + 3*q**2 + 69. Determine a(h).
5
Let k(z) = -z + 1. Let r be 1*12/(-6)*-4. Calculate k(r).
-7
Let x be 3*(-2 - -1)*-1. Suppose 1 = -5*r + x*d + 20, -4*r + 16 = -2*d. Let b(o) = -o**3 + 6*o**2 - 6*o + 2. What is b(r)?
-3
Suppose -17 + 2 = -3*c. Let x(w) = -w**3 + 5*w**2 - 2*w + 3. Give x(c).
-7
Let b(g) = -g - 16 + 0*g + 21 - 6. Give b(-6).
5
Let o(w) = 2*w**3 - 3*w**2 + w + 2. Let x(f) = -2*f - 10. Let u be x(-6). Calculate o(u).
8
Let y = 0 + 1. Suppose -5 + y = -2*k. Suppose -i - k*i = -3. Let u(v) = 3*v - 1. Determine u(i).
2
Let j(f) = -11*f - 5 - 10*f + 19*f. Let t(y) = -y - 3. Let d(m) = 3*j(m) - 7*t(m). Determine d(-7).
-1
Let w(f) = 2 + f + 3 - 6. Let v = 415 - 410. Give w(v).
4
Let s(w) = -w**2 + 6*w - 3. Let c(g) = g**2 - 5*g + 2. Suppose -3*z - i + 2*i - 13 = 0, -3*i - 15 = 0. Let y(f) = z*c(f) - 5*s(f). What is y(3)?
-6
Let c(y) = -y**2 + 30. Let g be c(6). Let b(h) = -h. Let i(s) = -3*s + 4. Let l(k) = -4*b(k) + i(k). Determine l(g).
-2
Let h(c) be the second derivative of -c**6/360 - c**5/120 + c**4/12 - 2*c. Let l(f) be the third derivative of h(f). Let p = -2 + -2. Determine l(p).
7
Let q(j) be the second derivative of -j**3/2 - 2*j**2 - 9*j. Give q(3).
-13
Let w(s) = s**2 - 5*s + 4. Suppose -2*h = 5 - 15. Give w(h).
4
Let j(p) = p**2 + 12*p + 14. Let a be j(-11). Suppose -3*b + a = -0*b. Let z(v) be the second derivative of v**4/2 - v**2/2 - v. What is z(b)?
5
Let x(p) = -p**3 - p**2 + p + 2. Let z(d) = -d + 8. Let j be z(6). Let k be j/(-3) - 3/9. Let t = k + 1. What is x(t)?
2
Let g(s) = s**3 - s**2 + 5. Let z be ((-2)/(-4))/((-1)/(-6)). Suppose 4*u = z*j - 16, 5 = j - 5*u - 15. Determine g(j).
5
Let t(c) be the second derivative of c**4/12 + 5*c**3/3 + 9*c**2/2 + 8*c. Give t(-8).
-7
Let z = 1 - 3. Let a(g) = g**2 + 3*g - 2. Suppose 0 = -4*b - 5 + 1. Let o(u) = -u**2 - u + 1. Let q(w) = b*a(w) - 2*o(w). Determine q(z).
6
Suppose -3*l + 0*j + 2*j + 25 = 0, -5*l - 3*j + 29 = 0. Let x(m) = m**2 - 7*m + 7. Calculate x(l).
7
Let b(w) be the second derivative of -w**5/20 - w**4/3 + w**3/3 + 2*w**2 - 5*w. Let n(f) = -f**3 - 3*f**2 - 1. Let q be n(-3). Let c be (4/q)/(2/2). Give b(c).
-4
Let l(s) be the first derivative of s**4/4 + 5*s**3/3 + s**2/2 - 3*s - 2. Give l(-4).
9
Let u(o) = o + 2. Let k(w) = 3*w + 5. Let x(s) = 4*k(s) - 11*u(s). Determine x(-3).
-5
Let m(y) be the first derivative of -5*y**2/2 + 2*y - 1. Let g be m(-2). Let x be g/(-5) - (-6)/15. Let a(v) = v**2 + 2*v + 3. Give a(x).
3
Let w(p) = p**3 - 8*p**2. Let v be w(8). Let z(i) = i**3 - i**2 + i - 2. Let n be z(v). Let b(s) = -4*s - 2. Determine b(n).
6
Let b be 1*4 + (2 - 4). Let n(o) = -3 + o**2 + 4 - 7*o - o + b. Let w be n(7). Let t(x) = 2*x**2 + 7*x + 5. Give t(w).
9
Let k(o) = 5*o**3 - 2*o**2 - 5*o - 4. Let m(r) = r**3 + r**2 - r - 1. Let s(f) = -k(f) + 4*m(f). Determine s(6).
6
Let s(z) = -z + 2. Suppose -2*h - 8 = -2*u, 0*h + h = 4*u - 7. Determine s(u).
1
Let h = -12 + 32. Suppose 0 = -4*g + h - 8. Let f(t) = 17*t**2 - 19*t - 11. Let x(a) = 8*a**2 - 9*a - 5. Let c(z) = -6*f(z) + 13*x(z). What is c(g)?
10
Let a = 31 + -35. Let q(l) = -5*l - 9. Let t(d) = 14*d + 26. Let y(w) = -11*q(w) - 4*t(w). Give y(a).
-1
Let h = -8 + 3. Let r(o) = -2*o - 9*o**2 - 3*o + 8*o**2 + 0*o. Calculate r(h).
0
Let q = 8 - 10. Let v(h) = h**2 + h. Let m be v(q). Suppose y = -d, -3*d = -m*y - 2 - 3. Let o(l)